Select a Year or Month report
V/Λ
Report for 2024 03
MONTHLY CLIMATOLOGICAL SUMMARY for MAR. 2024
NAME: Valle del Pavone CITY: Castelnuovo V.C. STATE: Italia
ELEV: 360 m LAT: 43.2036 N LONG: 10.9186 E
TEMPERATURE (°C), RAIN (mm), WIND SPEED (km/hr)
HEAT COOL AVG
MEAN DEG DEG WIND DOM
DAY TEMP HIGH TIME LOW TIME DAYS DAYS RAIN SPEED HIGH TIME DIR
------------------------------------------------------------------------------------
1 10.0 11.9 14:25 8.9 23:45 8.3 0.0 7.4 1.9 19.3 17:10 SSE
2 10.1 15.6 12:15 2.9 22:05 8.3 0.0 16.8 2.4 27.4 8:15 WNW
3 10.1 13.6 13:10 5.7 21:40 8.2 0.0 18.4 6.1 35.4 8:45 SSE
4 7.8 11.3 12:45 4.8 6:25 10.5 0.0 0.6 1.1 20.9 0:30 ESE
5 8.3 15.1 14:35 2.4 3:45 10.0 0.0 0.0 1.1 17.7 12:30 NW
6 5.8 11.7 12:50 0.3 23:55 12.4 0.0 3.8 1.9 27.4 13:05 WNW
7 4.8 14.1 12:55 -2.7 7:00 13.5 0.0 0.0 0.6 14.5 12:05 NW
8 6.0 13.4 14:10 -2.6 6:35 12.3 0.0 1.6 1.9 24.1 23:45 SSE
9 10.0 15.5 12:55 4.3 6:35 8.3 0.0 9.4 2.1 20.9 22:15 WNW
10 10.8 13.9 15:40 7.4 19:20 7.5 0.0 29.2 4.7 37.0 10:10 SSE
11 7.6 13.6 10:15 2.8 7:10 10.8 0.0 6.2 0.5 11.3 9:50 S
12 7.6 16.5 14:25 0.8 23:50 10.8 0.0 0.2 1.0 17.7 12:35 NW
13 6.8 17.6 14:00 -0.2 23:55 11.5 0.0 0.0 1.0 16.1 14:30 NW
14 7.0 18.6 14:30 -2.1 6:40 11.3 0.0 0.2 1.1 17.7 13:30 NW
15 8.6 14.5 14:30 1.2 1:10 9.7 0.0 0.2 1.1 16.1 16:20 NW
16 11.1 17.2 15:35 2.6 23:55 7.2 0.0 0.0 1.1 17.7 10:50 NW
17 6.6 18.8 11:55 0.4 6:05 6.2 0.0 0.0 0.6 12.9 11:35 E
18
19
20
21
22
23
24
25
26
27
28
29
30
31
-------------------------------------------------------------------------------------
8.2 18.8 17 -2.7 7 166.7 0.0 94.0 1.8 37.0 10 NW
Max >= 32.0: 0
Max <= 0.0: 0
Min <= 0.0: 4
Min <= -18.0: 0
Max Rain: 29.21 ON 10/03/24
Days of Rain: 12 (> .2 mm) 7 (> 2 mm) 1 (> 20 mm)
Heat Base: 18.3 Cool Base: 18.3 Method: Integration