NOAA-style Climate Reports

Select a Year or Month report

Report for 2020 05
                   MONTHLY CLIMATOLOGICAL SUMMARY for MAY. 2020

NAME: Croce di Bulera   CITY: Pomarance   STATE: Italia 
ELEV:   253 m  LAT: 43.2713 N  LONG: 10.8969 E

                   TEMPERATURE (C), RAIN  (mm), WIND SPEED (km/hr)

                                      HEAT  COOL        AVG
    MEAN                              DEG   DEG         WIND                 DOM
DAY TEMP  HIGH   TIME   LOW    TIME   DAYS  DAYS  RAIN  SPEED HIGH   TIME    DIR
------------------------------------------------------------------------------------
 1  13.8  14.9    1:00  12.1    5:00   1.1   0.0   0.0   2.4  19.3    6:00     S
 2
 3
 4  18.4  23.6   15:00  10.3   00:00   1.3   1.5   0.0   4.0  20.9   18:00     S
 5  15.1  22.3   18:00   7.7    5:00   4.0   0.8   0.0   4.2  27.4   12:00     S
 6  16.3  25.0   17:00   9.4    6:00   3.2   1.2   0.0   1.4  19.3   21:00     S
 7  16.6  25.2   17:00   9.3   00:00   3.4   1.7   0.0   4.3  29.0   14:00     S
 8  15.6  25.5   14:00   6.1    6:00   4.4   1.7   0.0   3.1  29.0   17:00     S
 9  15.6  24.9   16:00   6.4    4:00   4.2   1.5   0.0   4.5  29.0   12:00     S
10  17.6  24.1   16:00  12.2    7:00   2.2   1.5   0.0   4.5  29.0   10:00   SSE
11  15.6  21.8   14:00  10.8    6:00   3.1   0.4   2.0   7.9  45.1   12:00     S
12  17.1  24.1   15:00  11.3    1:00   2.2   0.9   3.0   2.9  22.5   14:00     S
13  17.7  22.7   15:00  11.3    4:00   1.6   1.0   0.0   5.8  46.7   14:00   SSE
14  20.1  27.4   16:00  13.4    5:00   1.0   2.7   0.0   3.7  32.2   00:00     S
15  17.3  23.3   15:00  12.4   00:00   1.5   0.4   0.6   4.8  43.5    1:00     S
16  15.6  19.3   14:00  10.9    6:00   2.7   0.1   0.0   2.4  24.1   20:00     S
17  18.0  24.9   12:00  11.1    6:00   2.4   2.0   0.0   3.2  24.1   16:00     S
18  16.7  23.2   14:00  12.4    4:00   2.4   0.8   2.0   1.3  29.0   14:00   ESE
19  16.8  23.8   14:00  13.4   00:00   2.4   0.9  19.2   3.5  27.4   13:00   SSE
20  16.5  22.0   15:00  11.3   00:00   2.3   0.5  11.2   3.9  27.4   10:00    NW
21  17.1  25.2   17:00   8.3    6:00   3.5   2.2   0.0   3.4  27.4   14:00    NW
22  18.0  26.9   14:00   9.0    6:00   3.2   2.9   0.0   2.7  19.3   16:00   NNE
23  18.6  27.2   13:00  10.1    5:00   2.9   3.2   0.0   2.3  25.7   15:00   NNE
24  19.2  27.3   17:00  11.5    6:00   2.0   2.9   0.0   2.3  22.5   18:00   SSE
25  18.5  27.5   16:00   9.8    5:00   1.7   1.9   0.0   4.8  29.0   12:00   SSE
26
27
28
29
30
31
-------------------------------------------------------------------------------------
    17.0  27.5    25     6.1     8    58.7  32.5  38.0   3.6  46.7    13       S

Max >=  32.0:  0
Max <=   0.0:  0
Min <=   0.0:  0
Min <= -18.0:  0
Max Rain: 19.20 ON 19/05/20
Days of Rain: 6 (> .2 mm) 5 (> 2 mm) 0 (> 20 mm)
Heat Base:  18.3  Cool Base:  18.3  Method: Integration