NOAA-style Climate Reports

Select a Year or Month report

Report for 2019 05
                   MONTHLY CLIMATOLOGICAL SUMMARY for MAY. 2019

NAME: Croce di Bulera   CITY: Pomarance   STATE: Italia 
ELEV:   253 m  LAT: 43.2713 N  LONG: 10.8969 E

                   TEMPERATURE (C), RAIN  (mm), WIND SPEED (km/hr)

                                      HEAT  COOL        AVG
    MEAN                              DEG   DEG         WIND                 DOM
DAY TEMP  HIGH   TIME   LOW    TIME   DAYS  DAYS  RAIN  SPEED HIGH   TIME    DIR
------------------------------------------------------------------------------------
 1  12.7  19.4   17:00   6.4   00:00   5.7   0.0   0.0   1.6  24.1   13:00   NNE
 2  12.5  20.6   15:00   4.3    6:00   5.9   0.1   0.0   2.4  25.7   15:00     S
 3  14.8  18.7   15:00  11.1    7:00   2.5   0.0   0.0   5.8  33.8   14:00     S
 4  12.3  14.6   13:00  10.3    6:30   6.0   0.0   0.8   0.3  12.9   21:30    SW
 5   7.6  11.6    4:10   4.6   23:50  10.7   0.0  14.0   1.3  17.7    4:10   SSW
 6  10.0  14.2   18:00   4.5   00:00   5.5   0.0   0.0   2.4  22.5   17:00    NW
 7   9.6  17.1   15:00   2.6    7:00   7.7   0.0   0.0   2.4  20.9   14:00     N
 8  11.2  17.0   14:00   5.3    2:00   5.9   0.0   0.0   6.8  33.8   11:00     S
 9  14.1  18.4   16:00   7.9   00:00   3.9   0.0   4.6   8.4  54.7    4:00     S
10  12.6  19.8   16:00   7.0    3:00   5.8   0.0   0.0   1.3  19.3   16:00   NNE
11  14.1  21.3   14:00   6.4    4:00   4.6   0.4   0.6   3.9  33.8   21:00     S
12  12.3  18.2   16:00   9.2    5:00   6.0   0.0   2.6   3.2  30.6   18:00    NW
13  12.4  15.9   13:00  10.1    1:00   5.9   0.0   0.0   7.7  37.0   12:00   WNW
14  12.8  18.7   13:00   7.1    6:00   5.5   0.0   0.0   4.3  24.1   11:00   WNW
15   9.7  14.1   17:00   5.5    7:00   8.6   0.0   0.0   3.7  24.1   12:00    NW
16  10.0  20.7   16:00   2.6    7:00   6.4   0.1   0.0   1.3  19.3   18:00   SSW
17  11.7  20.4   15:00   3.6    6:00   4.6   0.2   0.0   3.4  29.0   14:00   SSE
18
19
20
21
22
23
24
25
26
27
28
29
30
31
-------------------------------------------------------------------------------------
    11.8  21.3    11     2.6     7   101.1   0.9  22.6   3.5  54.7     9       S

Max >=  32.0:  0
Max <=   0.0:  0
Min <=   0.0:  0
Min <= -18.0:  0
Max Rain: 14.00 ON 05/05/19
Days of Rain: 5 (> .2 mm) 3 (> 2 mm) 0 (> 20 mm)
Heat Base:  18.3  Cool Base:  18.3  Method: Integration