NOAA-style Climate Reports

Select a Year or Month report

Report for 2019 07
                   MONTHLY CLIMATOLOGICAL SUMMARY for JUL. 2019

NAME: Croce di Bulera   CITY: Pomarance   STATE: Italia 
ELEV:   253 m  LAT: 43.2713 N  LONG: 10.8969 E

                   TEMPERATURE (C), RAIN  (mm), WIND SPEED (km/hr)

                                      HEAT  COOL        AVG
    MEAN                              DEG   DEG         WIND                 DOM
DAY TEMP  HIGH   TIME   LOW    TIME   DAYS  DAYS  RAIN  SPEED HIGH   TIME    DIR
------------------------------------------------------------------------------------
 1  28.7  34.9   14:00  16.9    8:00   0.0   7.4   0.0   2.4  30.6   12:00     S
 2  23.9  34.1   16:00  13.7    6:00   1.0   5.0   0.0   1.6  22.5   17:00     N
 3  28.6  35.1   14:00  19.6   00:00   0.0   6.8   0.0   1.4  27.4   16:00     S
 4  25.0  33.7   15:00  17.8    4:00   0.0   6.2   0.0   1.3  27.4   17:00     N
 5  25.0  34.1   16:00  16.2    6:00   0.3   6.7   0.0   1.6  25.7   12:00     N
 6  25.4  33.8   16:00  16.8    6:00   0.2   7.3   0.0   1.8  25.7   17:00     S
 7  24.3  31.9   17:00  16.8    6:00   0.2   6.2   0.0   1.6  22.5   13:00   SSE
 8  24.6  31.2   14:00  17.7    8:00   0.0   6.1  10.0   2.7  24.1    8:00   NNE
 9  25.2  34.1   16:00  19.3    7:00   0.0   6.9   0.0   1.8  25.7   15:00     S
10  24.1  29.6   16:00  18.1   00:00   0.0   5.3   0.0   2.3  24.1   14:00    NW
11  22.6  29.6   16:00  16.3    4:00   0.2   4.2   0.0   2.7  25.7    9:00     S
12  23.2  30.4   16:00  17.5    5:00   0.1   5.0   0.0   1.6  22.5   18:00   SSE
13  23.1  30.4   15:00  16.9    4:00   0.2   5.0   0.0   1.6  24.1   15:00     S
14  21.1  30.4   14:00  14.7    4:00   0.6   2.2   0.0   3.5  25.7    8:00   SSE
15
16
17
18
19
20
21
22
23
24
25
26
27
28
29
30
31
-------------------------------------------------------------------------------------
    24.6  35.1     3    13.7     2     2.6  80.2  10.0   2.0  30.6     1       S

Max >=  32.0:  7
Max <=   0.0:  0
Min <=   0.0:  0
Min <= -18.0:  0
Max Rain: 10.01 ON 08/07/19
Days of Rain: 1 (> .2 mm) 1 (> 2 mm) 0 (> 20 mm)
Heat Base:  18.3  Cool Base:  18.3  Method: Integration