NOAA-style Climate Reports

Select a Year or Month report

Report for 2021 10
                   MONTHLY CLIMATOLOGICAL SUMMARY for OCT. 2021

NAME: Vado la Lepre   CITY: Castelnuovo V.C.   STATE: Italia 
ELEV:   800 m  LAT: 43.2068 N  LONG: 10.8773 E

                   TEMPERATURE (C), RAIN  (mm), WIND SPEED (km/hr)

                                      HEAT  COOL        AVG
    MEAN                              DEG   DEG         WIND                 DOM
DAY TEMP  HIGH   TIME   LOW    TIME   DAYS  DAYS  RAIN  SPEED HIGH   TIME    DIR
------------------------------------------------------------------------------------
 1  16.2  20.8   13:45  12.4    6:45   2.5   0.3   0.0   8.5  29.0    0:15   ENE
 2  16.7  21.0   13:45  13.6   16:00   1.9   0.2   9.6  15.6  72.4   15:45   SSW
 3  15.5  19.6   14:45  13.7    6:30   2.8   0.0   0.0  26.9  51.5   23:45   SSW
 4  15.8  17.9   14:45  12.9   00:00   2.5   0.0   7.8  35.7  80.5   21:00   SSW
 5  14.2  17.4   16:45  12.3    9:30   4.1   0.0   1.4  19.3  70.8    2:00     N
 6  12.4  15.5   12:45   8.7   23:15   5.8   0.0   0.0  19.5  46.7   12:15     N
 7   8.3   9.9   14:00   6.9    8:15  10.0   0.0   7.6  22.2  62.8   19:00    NE
 8   9.6  12.4   13:15   8.3    1:30   8.7   0.0   0.0  22.5  56.3    2:15   NNE
 9   9.2  13.2   13:30   6.0   00:00   9.1   0.0   0.0  18.7  49.9    3:00   NNE
10   7.0  10.4   14:15   4.1    7:30  11.3   0.0   0.0  19.3  51.5   12:30   NNE
11   8.3  11.9   16:15   5.5    6:30  10.0   0.0   0.0  16.3  51.5   11:15   NNE
12  11.7  16.1   14:00   7.4    0:45   6.6   0.0   0.0   5.8  25.7    0:15    NE
13  10.3  14.6   15:45   6.1   00:00   7.9   0.0   0.0  10.6  43.5   21:45    NE
14   7.0  11.3   13:45   3.7    6:30  11.3   0.0   0.0  17.7  49.9    3:00    NE
15   8.6  13.4   16:15   4.9    4:45   9.7   0.0   0.0  12.2  35.4    5:30   NNE
16   9.7  14.7   16:15   6.7    5:30   8.6   0.0   0.0  11.4  33.8    1:45   NNE
17  10.7  14.9   14:45   6.8    7:00   7.7   0.0   0.0   8.7  29.0    2:15   NNE
18  12.5  15.7   15:00  10.2   23:00   5.8   0.0   0.0   5.0  17.7   14:30   NNE
19  12.5  17.6   15:15   9.7    8:00   5.8   0.0   0.0   5.3  20.9   13:45   NNE
20  11.8  15.5   15:00  10.5    2:00   5.0   0.0   0.0  10.9  33.8   15:30    NW
21
22
23
24
25
26
27
28
29
30
31
-------------------------------------------------------------------------------------
    11.4  21.0     2     3.7    14   137.2   0.6  26.4  15.6  80.5     4     NNE

Max >=  32.0:  0
Max <=   0.0:  0
Min <=   0.0:  0
Min <= -18.0:  0
Max Rain: 9.60 ON 02/10/21
Days of Rain: 4 (> .2 mm) 3 (> 2 mm) 0 (> 20 mm)
Heat Base:  18.3  Cool Base:  18.3  Method: Integration