NOAA-style Climate Reports

Select a Year or Month report

Report for 2022 05
                   MONTHLY CLIMATOLOGICAL SUMMARY for MAY. 2022

NAME: Vado la Lepre   CITY: Castelnuovo V.C.   STATE: Italia 
ELEV:   800 m  LAT: 43.2068 N  LONG: 10.8773 E

                   TEMPERATURE (C), RAIN  (mm), WIND SPEED (km/hr)

                                      HEAT  COOL        AVG
    MEAN                              DEG   DEG         WIND                 DOM
DAY TEMP  HIGH   TIME   LOW    TIME   DAYS  DAYS  RAIN  SPEED HIGH   TIME    DIR
------------------------------------------------------------------------------------
 1  10.3  13.2   13:45   8.1   19:15   7.9   0.0   6.8   6.3  20.9   19:00   NNE
 2  10.8  15.8   15:00   7.4    5:45   7.5   0.0   0.4   8.7  24.1   12:45   NNE
 3  12.3  17.1   13:15   8.5    5:45   6.0   0.0   0.0   9.0  30.6   15:30   NNE
 4  12.8  17.0   15:00  10.6   22:00   5.5   0.0   0.0  10.9  37.0   16:15     N
 5   9.8  11.6    2:00   8.0   15:00   8.5   0.0  14.0  11.9  30.6   14:45   ENE
 6  10.0  11.8   17:00   8.8    5:30   8.3   0.0   1.6  15.8  37.0    7:45    NE
 7  10.5  14.6   12:15   7.6    5:45   7.8   0.0   0.2  19.3  43.5   16:30   NNE
 8  12.3  17.4   16:30   8.4    2:00   6.0   0.0   0.2  12.4  35.4   14:15    NE
 9  13.3  18.3   14:45   9.1    6:15   5.0   0.0   3.0   8.9  30.6   16:45   NNE
10  15.3  19.9   14:00  12.2    2:00   3.1   0.1   0.0   8.5  27.4   15:30    NE
11  15.2  19.5   15:00  12.7    3:15   3.2   0.1   0.0   9.2  27.4   20:45     N
12  15.1  19.0   14:30  12.4    4:45   3.3   0.0   0.0   9.7  29.0   15:30     N
13  15.3  19.2   14:15  12.7   23:45   3.0   0.1   0.0   8.9  27.4   14:45     N
14  15.4  19.6   14:30  12.7    0:15   3.0   0.1   0.0   8.2  25.7   15:15     N
15  16.9  21.1   14:15  13.9    5:15   1.8   0.4   0.0   7.1  22.5   13:15     N
16  17.2  21.4   14:15  14.3    5:45   1.6   0.6   0.0   8.0  30.6   15:45     N
17  17.3  20.8   15:00  14.7    6:15   1.5   0.5   0.0   9.2  27.4   12:00     N
18  19.4  23.8   16:00  15.4   00:00   0.7   1.8   0.0   9.7  29.0   00:00   ENE
19  17.3  23.2   15:00  13.1    6:00   1.5   0.7   0.0  13.5  41.8    8:45    NE
20
21
22
23
24
25
26
27
28
29
30
31
-------------------------------------------------------------------------------------
    14.0  23.8    18     7.4     2    85.4   4.5  26.2  10.3  43.5     7       N

Max >=  32.0:  0
Max <=   0.0:  0
Min <=   0.0:  0
Min <= -18.0:  0
Max Rain: 14.00 ON 05/05/22
Days of Rain: 7 (> .2 mm) 3 (> 2 mm) 0 (> 20 mm)
Heat Base:  18.3  Cool Base:  18.3  Method: Integration