NOAA-style Climate Reports

Select a Year or Month report

Report for 2021 07
                   MONTHLY CLIMATOLOGICAL SUMMARY for JUL. 2021

NAME: Vado la Lepre   CITY: Castelnuovo V.C.   STATE: Italia 
ELEV:   800 m  LAT: 43.2068 N  LONG: 10.8773 E

                   TEMPERATURE (C), RAIN  (mm), WIND SPEED (km/hr)

                                      HEAT  COOL        AVG
    MEAN                              DEG   DEG         WIND                 DOM
DAY TEMP  HIGH   TIME   LOW    TIME   DAYS  DAYS  RAIN  SPEED HIGH   TIME    DIR
------------------------------------------------------------------------------------
 1  17.2  21.2   15:15  14.1    1:00   1.6   0.6   0.0  17.5  54.7   11:00   WSW
 2  18.4  23.3   14:30  14.6    5:15   1.0   1.1   0.0   9.0  30.6   17:15   NNE
 3  20.3  24.6   17:15  17.7   00:00   0.1   2.1   0.0  10.9  29.0   15:45   WSW
 4  19.0  22.3   14:30  16.2   00:00   0.4   1.0   0.0   7.9  35.4   22:30     W
 5  18.6  21.7   15:00  15.1    3:15   0.9   1.2   0.0  12.1  32.2    0:45     W
 6  22.2  27.6   14:45  17.9    0:45   0.0   3.9   0.0  10.6  30.6   18:30     N
 7  22.8  26.9   14:15  20.4    2:30   0.0   4.5   0.0  20.6  37.0    4:00     N
 8  21.3  25.6   14:00  17.2   23:15   0.1   3.0   0.0  21.7  77.2    7:45   WSW
 9  18.8  24.7   15:15  15.2    6:15   1.1   1.6   0.0   8.0  32.2    1:00     N
10  19.6  24.9   14:15  15.7    3:15   0.6   1.9   0.0   9.0  24.1    1:45     N
11  18.7  23.6   17:00  15.2    4:15   1.0   1.4   0.0   9.7  29.0   13:15   WNW
12  20.5  25.7   14:30  15.8    5:30   0.5   2.7   0.0  18.8  69.2   21:15   WSW
13  18.2  21.5    2:30  13.7   23:30   1.0   0.9   4.2  25.7  90.1    4:45   SSW
14  15.1  18.4   17:45  13.0    4:45   3.3   0.0   0.8  12.7  38.6   15:00     W
15  17.3  21.9   16:30  13.5    4:00   1.6   0.6   0.0   7.2  22.5   12:00   SSW
16  15.7  20.2   15:30  13.8   22:00   2.7   0.1  15.2   7.4  37.0   15:45   ENE
17  16.0  18.4   19:00  13.6    4:45   2.3   0.0   0.0   9.3  25.7    4:30   ENE
18  20.5  24.5   16:00  16.2    1:45   0.4   2.6   0.0  15.0  46.7   12:45    NE
19  21.2  26.0   15:00  16.7    6:00   0.2   3.1   0.0  13.5  45.1   10:45   NNE
20  22.7  28.1   15:30  18.3    5:15   0.0   4.4   0.0   9.0  32.2    7:30   NNE
21  23.3  27.7   16:15  20.3   21:00   0.0   5.0   0.0   6.0  22.5   17:00   NNW
22  21.4  25.4   14:00  18.8   20:45   0.0   3.1   0.0  12.2  37.0   17:15     N
23  21.4  25.6   14:00  18.6    3:45   0.0   2.9   0.0  11.1  33.8   17:30   WSW
24  22.7  26.2   12:45  19.6    0:15   0.0   4.4   0.0  17.9  57.9   16:30     N
25  21.2  23.2   11:45  19.4   23:45   0.0   2.9   0.0  39.3  74.0   18:15   SSW
26  21.3  25.5   15:00  18.4    8:45   0.0   3.0   0.2  37.0  74.0    8:30     N
27  21.7  25.8   14:15  18.4    8:45   0.0   3.2   0.4  30.7  67.6   14:45     N
28
29
30
31
-------------------------------------------------------------------------------------
    19.9  28.1    20    13.0    14    18.9  61.4  20.8  15.2  90.1    13       N

Max >=  32.0:  0
Max <=   0.0:  0
Min <=   0.0:  0
Min <= -18.0:  0
Max Rain: 15.19 ON 16/07/21
Days of Rain: 5 (> .2 mm) 2 (> 2 mm) 0 (> 20 mm)
Heat Base:  18.3  Cool Base:  18.3  Method: Integration