NOAA-style Climate Reports

Select a Year or Month report

Report for 2019 09
                   MONTHLY CLIMATOLOGICAL SUMMARY for SEP. 2019

NAME: Vado la Lepre   CITY: Castelnuovo V.C.   STATE: Italia 
ELEV:   800 m  LAT: 43.2068 N  LONG: 10.8773 E

                   TEMPERATURE (C), RAIN  (mm), WIND SPEED (km/hr)

                                      HEAT  COOL        AVG
    MEAN                              DEG   DEG         WIND                 DOM
DAY TEMP  HIGH   TIME   LOW    TIME   DAYS  DAYS  RAIN  SPEED HIGH   TIME    DIR
------------------------------------------------------------------------------------
 1  22.1  26.2   13:50  19.3   23:50   0.0   3.8   0.0   2.3  41.8   15:00     S
 2  20.7  25.4   13:20  15.2   18:50   0.1   2.4  29.2   2.6  64.4   18:40   NNE
 3  18.7  23.0   15:30  14.4   00:00   0.7   1.2   0.0  13.8  37.0    7:00     N
 4  17.0  22.6   15:30  12.2    3:50   2.3   1.0   0.0   9.8  41.8    5:40     N
 5  19.2  24.4   14:50  16.0    0:20   0.6   1.5   0.0   3.9  27.4   15:40     N
 6  16.7  20.3   13:40  13.8   16:50   1.8   0.1   2.6  15.0  49.9    8:00    SE
 7  15.6  19.4   12:50  13.2    1:30   2.8   0.1   4.4   6.6  22.5   12:50   SSW
 8  15.3  18.7   14:50  12.2   11:40   3.0   0.0   3.0  17.1  67.6    9:00    SW
 9  14.5  19.1   15:40  11.0    6:10   3.8   0.0   1.0   8.9  64.4    0:40    SW
10  15.8  21.7   16:00  11.8    6:50   2.9   0.4   0.0   0.6  30.6   14:50    NE
11  17.4  23.2   16:00  13.2    7:10   1.7   0.9   0.0   6.9  33.8    8:30    NE
12  18.6  23.3   15:00  14.7    6:20   1.1   1.4   0.0  11.4  35.4   23:00     N
13  19.6  24.6   16:00  15.6    0:40   0.8   2.0   0.0  11.6  40.2    2:10     N
14  19.7  24.9   16:10  15.3    4:30   0.6   2.0   0.0   7.9  43.5    7:30     N
15  19.3  24.3   15:50  16.1    5:00   0.5   1.5   0.0   1.4  33.8    9:40   NNE
16  20.7  24.6   15:10  18.4    4:00   0.0   2.4   0.0   0.0   0.0     ---   ---
17  18.9  22.7   14:20  16.0   00:00   0.5   1.1   0.2   0.0   0.0     ---   ---
18  18.0  22.9   14:00  15.8    2:50   1.0   0.7   0.6   0.0   0.0     ---   ---
19  16.2  18.9   10:10  12.5   23:50   2.1   0.0   3.2   0.0   0.0     ---   ---
20  14.6  19.2   15:20  11.2    6:30   3.1   0.1   0.0   0.0   0.0     ---   ---
21
22
23
24
25
26
27
28
29
30
-------------------------------------------------------------------------------------
    17.9  26.2     1    11.0     9    29.4  22.5  44.2   6.0  67.6     8       N

Max >=  32.0:  0
Max <=   0.0:  0
Min <=   0.0:  0
Min <= -18.0:  0
Max Rain: 29.21 ON 02/09/19
Days of Rain: 8 (> .2 mm) 5 (> 2 mm) 1 (> 20 mm)
Heat Base:  18.3  Cool Base:  18.3  Method: Integration