NOAA-style Climate Reports

Select a Year or Month report

Report for 2012 Mar
                   MONTHLY CLIMATOLOGICAL SUMMARY for MAR. 2012

NAME: Vado la Lepre   CITY: Castelnuovo V.C.   STATE: Italia 
ELEV:   800 m  LAT:  43.2068 N  LONG:  10.8773 E

                   TEMPERATURE (C), RAIN  (mm), WIND SPEED (km/hr)

                                      HEAT  COOL        AVG
    MEAN                              DEG   DEG         WIND                 DOM
DAY TEMP  HIGH   TIME   LOW    TIME   DAYS  DAYS  RAIN  SPEED HIGH   TIME    DIR
------------------------------------------------------------------------------------
 1  12.6  16.6   13.50   6.6    1.35   5.8   0.0   0.0  10.3  32.2   12.00    NE
 2  11.8  15.4   14.20   6.9   23.00   6.4   0.0   0.0  13.5  40.2   20.00     W
 3   7.2  11.6   13.15   4.4    6.50  11.2   0.0   0.0  12.6  30.6    1.45   WNW
 4   6.6  10.9   14.45   4.7   00.00  11.7   0.0   0.0   4.8  24.1    0.35    NW
 5   6.3  10.9   13.10   3.8   23.40  12.0   0.0   1.2  12.6  49.9   22.25   WNW
 6   2.8   5.7   12.30   1.1   23.20  15.5   0.0   6.8  14.6  40.2   15.10     E
 7   4.1   8.8   16.00   0.1    8.05  14.3   0.0   0.0  12.2  41.8    8.00   ENE
 8   5.4  10.6   15.25   1.7   00.00  12.9   0.0   0.0  12.2  37.0   21.50    NE
 9   3.7   8.0   12.35   0.6    6.30  14.6   0.0   0.0  23.5  54.7   11.05   ENE
10   3.8   9.7   14.45  -0.3    6.30  14.4   0.0   0.0  23.3  48.3    4.45   ENE
11   6.2  11.8   15.15   0.8    4.00  12.1   0.0   0.0  15.6  43.5   14.25   ENE
12  10.2  15.0   15.15   6.6    3.55   8.1   0.0   0.0   6.3  20.9    0.35    NE
13  10.1  14.2   15.45   6.9   22.40   8.2   0.0   0.0   9.7  35.4    4.30   ENE
14  10.6  15.3   13.40   6.6    1.50   7.8   0.0   0.0   5.6  17.7   14.50   NNE
15  11.0  15.7   14.45   8.5   23.30   7.3   0.0   0.0   9.8  27.4   15.20   WNW
16  10.9  15.9   14.35   7.8    3.10   7.4   0.0   0.0  15.8  35.4   14.10     W
17   8.3  12.7   14.15   6.6    5.45  10.0   0.0   0.0  29.9  59.5   14.30    SW
18   7.9   9.4   14.05   7.2    0.05  10.3   0.0   0.2  31.5  56.3    7.10    SW
19   8.0  11.8   14.00   5.6   23.20  10.3   0.0   0.6  16.3  41.8    5.35    SW
20   9.3  13.1   14.25   5.6    1.10   9.0   0.0   0.0   9.3  27.4   14.00   ENE
21  12.7  18.3   14.00   8.5    6.40   5.6   0.0   0.0   8.5  29.0   15.25   ENE
22  13.6  18.0   12.10  10.8   23.35   4.7   0.0   0.0  16.7  40.2   13.55   SSW
23  11.1  14.9   12.40   8.8    6.45   7.2   0.0   0.0  17.4  32.2    6.40   SSW
24  11.9  16.1   11.35   9.3    1.15   6.4   0.0   0.2  10.3  33.8    2.25    NE
25  11.4  17.4   14.55   8.3    6.15   6.6   0.0   0.8   9.0  33.8   16.25    NE
26  12.4  17.9   16.25   8.1    7.10   5.9   0.0   0.0  10.1  30.6   21.35    NE
27  12.4  18.1   15.15   7.6    7.10   5.9   0.0   0.0  10.8  32.2    2.20   ENE
28  13.9  18.7   16.20   9.6    6.40   4.4   0.0   0.0   7.9  24.1   10.45    NE
29  13.8  18.2   13.45   8.7   21.40   4.5   0.0   0.0  12.2  40.2   23.55     W
30  11.1  15.6   14.30   8.3   22.05   7.3   0.0   0.0  17.2  37.0    1.00     W
31  10.7  16.2   15.00   6.9   22.00   7.6   0.0   0.0  16.4  43.5   16.00   WSW
-------------------------------------------------------------------------------------
     9.4  18.7    28    -0.3    10   275.3   0.0   9.8  13.7  59.5    17     ENE

Max >=  32.0:  0
Max <=   0.0:  0
Min <=   0.0:  1
Min <= -18.0:  0
Max Rain: 6.80 ON 06/03/12
Days of Rain: 6 (> .2 mm) 1 (> 2 mm) 0 (> 20 mm)
Heat Base:  18.3  Cool Base:  18.3  Method: Integration