NOAA-style Climate Reports

Select a Year or Month report

Report for 2012 Dec
                   MONTHLY CLIMATOLOGICAL SUMMARY for DEC. 2012

NAME: Vado la Lepre   CITY: Castelnuovo V.C.   STATE: Italia 
ELEV:   800 m  LAT:  43.2068 N  LONG:  10.8773 E

                   TEMPERATURE (C), RAIN  (mm), WIND SPEED (km/hr)

                                      HEAT  COOL        AVG
    MEAN                              DEG   DEG         WIND                 DOM
DAY TEMP  HIGH   TIME   LOW    TIME   DAYS  DAYS  RAIN  SPEED HIGH   TIME    DIR
------------------------------------------------------------------------------------
 1   4.4   6.7   11.10   3.2    6.00  13.9   0.0  25.8  23.3  56.3    7.30   SSE
 2   3.6   5.9   14.05  -0.9   23.55  14.7   0.0   7.4  12.6  35.4    0.40     W
 3   1.2   5.5   14.35  -2.3    7.00  17.2   0.0   2.4   9.2  32.2   23.30   WSW
 4   4.8   6.6   14.00   2.9    4.20  13.5   0.0   4.2  37.5  77.2   16.15   WSW
 5   2.7   4.5    0.05  -0.1   13.45  15.6   0.0   3.8  12.4  56.3    7.40   NNE
 6   3.2   6.1   15.35   1.1    5.30  15.1   0.0   0.8   4.8  20.9    2.55    NE
 7   2.2   4.1   13.20   0.8    5.40  16.1   0.0  14.0  22.5  90.1   21.30   WSW
 8  -2.1   1.0    0.05  -3.8   22.50  20.4   0.0   0.0  17.2  46.7   14.20   ENE
 9  -0.6   2.4   16.20  -3.9    1.30  18.9   0.0   0.0  16.3  48.3    1.10   ENE
10   2.5   4.6    9.50   0.1   22.40  15.8   0.0   4.4  16.4  37.0   13.55   WSW
11   1.8   5.0   14.55  -0.3   22.50  16.5   0.0   0.0   7.6  27.4    0.35    NE
12   0.2   2.4   13.35  -1.9    5.40  18.1   0.0   0.0   7.4  22.5    2.25   ENE
13   1.9   3.4   23.00   0.3    0.05  16.4   0.0   0.8  26.7  57.9   22.55   SSW
14   5.9   8.0   00.00   3.4    0.05  12.3   0.0   3.4  37.8  80.5   22.30    SW
15   8.6  10.1   16.55   7.2    5.15   9.8   0.0  45.0  47.0  99.8    8.45   WSW
16   8.7  12.1   14.20   6.6   22.00   9.6   0.0   0.0  16.4  41.8    3.30     W
17   6.3   8.0   10.35   3.9   12.20  12.0   0.0  15.4  16.1  48.3   14.10   WSW
18   5.1   7.0   13.30   3.7   23.40  13.2   0.0   0.6   8.0  25.7    1.10   WNW
19   3.7   6.2   13.00   1.8    5.40  14.6   0.0   0.0   7.4  25.7    6.10    NE
20   3.8   5.2   10.45   2.0    6.45  14.5   0.0   0.0   6.8  35.4   23.55   ENE
21   1.7   3.4    0.05  -0.6    7.10  16.6   0.0   4.0   8.9  35.4    3.15   ENE
22   5.6   8.9   12.45   1.4    2.35  12.7   0.0   0.0   7.4  20.9    3.40   ENE
23   6.8   8.1   16.35   4.8    1.00  11.5   0.0   0.0  16.1  37.0    6.30   WSW
24   8.0  11.3   13.45   6.7    3.45  10.3   0.0   0.2  16.7  54.7   23.45    SW
25   7.9   8.4    0.05   7.6    3.40  10.4   0.0   1.0  37.7  66.0   14.45    SW
26   8.6   9.5   13.10   7.4   22.05   9.7   0.0   5.4  23.3  66.0    1.10    SW
27   6.7   7.7    0.05   5.6    7.25  11.6   0.0   0.8  17.7  80.5   23.55     W
28   7.1   9.7   12.40   4.4    8.35  11.2   0.0   0.0  13.2  80.5    0.35   WNW
29   4.8   7.1   13.55   2.7    6.45  13.5   0.0   0.0  11.9  32.2    3.30    NE
30   6.1   8.0    1.30   4.3   22.55  11.7   0.0   0.0   5.0  24.1   10.40   WNW
31   4.9   7.9   13.45   2.7    4.55  13.3   0.0   0.0   8.4  24.1   22.30    NE
-------------------------------------------------------------------------------------
     4.4  12.1    16    -3.9     9   430.7   0.0 140.6  16.8  99.8    15      NE

Max >=  32.0:  0
Max <=   0.0:  0
Min <=   0.0:  8
Min <= -18.0:  0
Max Rain: 45.00 ON 15/12/12
Days of Rain: 18 (> .2 mm) 12 (> 2 mm) 2 (> 20 mm)
Heat Base:  18.3  Cool Base:  18.3  Method: Integration