NOAA-style Climate Reports

Select a Year or Month report

Report for 2013 Jul
                   MONTHLY CLIMATOLOGICAL SUMMARY for JUL. 2013

NAME: Vado la Lepre   CITY: Castelnuovo V.C.   STATE: Italia 
ELEV:   800 m  LAT:  43.2068 N  LONG:  10.8773 E

                   TEMPERATURE (C), RAIN  (mm), WIND SPEED (km/hr)

                                      HEAT  COOL        AVG
    MEAN                              DEG   DEG         WIND                 DOM
DAY TEMP  HIGH   TIME   LOW    TIME   DAYS  DAYS  RAIN  SPEED HIGH   TIME    DIR
------------------------------------------------------------------------------------
 1  19.0  22.7   13.40  16.1    5.50   0.7   1.4   0.0  10.8  35.4   15.40   SSW
 2  19.4  24.2   14.45  16.7    2.40   0.6   1.7   0.0   9.3  27.4   16.40   SSW
 3  18.0  22.7   14.15  15.4    6.35   1.0   0.6   0.0   9.3  27.4   16.30     S
 4  18.9  22.8   15.30  13.7    3.30   0.7   1.3   0.6   5.5  20.9   12.05   NNE
 5  21.4  26.2   14.45  16.9    3.40   0.3   3.4   0.0   9.5  30.6    9.30   NNE
 6  21.4  25.7   15.40  17.7    6.05   0.1   3.2   0.0  10.1  27.4   14.25   NNE
 7  19.8  24.4   13.20  17.0    5.55   0.2   1.7   9.0  11.9  37.0    7.45   NNE
 8  20.0  25.4   15.40  15.6    5.55   0.7   2.4   0.2  11.6  29.0    6.25   NNE
 9  20.3  25.7   14.30  17.4    4.00   0.1   2.1   1.0   8.9  27.4    3.15   NNE
10  20.8  25.6   13.50  18.4   00.00   0.0   2.5   0.0   5.1  24.1   15.40   NNE
11  20.2  23.8   13.05  17.1   00.00   0.1   2.0   0.0   7.7  25.7   13.45    SW
12  20.6  25.3   15.15  17.0    6.10   0.2   2.5   0.0   6.9  24.1   17.00    SW
13  20.6  24.9   13.55  17.4    2.20   0.1   2.4   0.0   7.6  30.6   14.10    SW
14  20.3  25.3   17.00  16.1    7.15   0.4   2.3   1.2   6.1  24.1    6.45   NNE
15  21.7  27.3   16.00  17.4    6.00   0.1   3.5   0.0   5.8  17.7   16.45   NNE
16  22.2  26.6   14.15  19.0    6.05   0.0   3.9   0.0   6.1  37.0   15.30   NNE
17  22.7  26.5   13.15  19.2    4.10   0.0   4.4   0.0   4.5  17.7   17.25   NNE
18  20.9  25.7   12.55  16.2   15.30   0.1   2.7   4.0   5.0  25.7   15.20   NNE
19  20.1  24.8   16.05  17.1   16.55   0.0   1.8   3.6   4.8  19.3   16.40   NNE
20  20.6  25.4   14.55  17.6    0.30   0.1   2.4   0.0   4.8  17.7   13.05   NNE
21  21.9  26.9   15.00  17.3   21.15   0.0   3.6   4.0   6.1  25.7   12.25   NNE
22  22.8  27.4   16.00  18.8    6.00   0.0   4.5   0.0   7.1  24.1    9.30   NNE
23  23.2  28.2   14.30  20.3    6.20   0.0   4.9   0.6   5.8  19.3   16.15   NNE
24  22.6  26.8   14.50  19.3    5.20   0.0   4.3   0.0   6.8  25.7   14.15   WSW
25  21.8  27.0   15.10  18.4    6.00   0.0   3.5   0.0   6.8  24.1   16.55    SW
26  24.0  29.4   14.45  18.8    2.15   0.0   5.7   0.0   6.3  22.5   15.55   SSW
27  25.6  30.8   14.50  21.6    0.15   0.0   7.3   0.0   7.2  27.4   15.50   SSW
28  25.3  29.8   13.55  21.9   23.05   0.0   7.0   0.0  20.4  48.3   15.15     S
29  21.0  26.7   11.45  17.3   22.00   0.1   2.8   5.8  17.4  43.5   23.55     S
30  20.7  25.3   14.15  16.8    5.10   0.3   2.6   0.0   7.4  35.4    1.05    SW
31  21.3  26.3   14.40  16.6    4.25   0.3   3.2   0.0  10.3  33.8   11.30   NNE
-------------------------------------------------------------------------------------
    21.3  30.8    27    13.7     4     5.9  97.8  30.0   8.2  48.3    28     NNE

Max >=  32.0:  0
Max <=   0.0:  0
Min <=   0.0:  0
Min <= -18.0:  0
Max Rain: 9.00 ON 07/07/13
Days of Rain: 10 (> .2 mm) 5 (> 2 mm) 0 (> 20 mm)
Heat Base:  18.3  Cool Base:  18.3  Method: Integration