NOAA-style Climate Reports

Select a Year or Month report

Report for 2014 Aug
                   MONTHLY CLIMATOLOGICAL SUMMARY for AUG. 2014

NAME: Vado la Lepre   CITY: Castelnuovo V.C.   STATE: Italia 
ELEV:   800 m  LAT: 43.2068 N  LONG: 10.8773 E

                   TEMPERATURE (C), RAIN  (mm), WIND SPEED (km/hr)

                                      HEAT  COOL        AVG
    MEAN                              DEG   DEG         WIND                 DOM
DAY TEMP  HIGH   TIME   LOW    TIME   DAYS  DAYS  RAIN  SPEED HIGH   TIME    DIR
------------------------------------------------------------------------------------
 1  19.2  23.4   16:10  15.4    4:25   0.7   1.7   0.0   6.0  24.1    6:40    NW
 2  20.1  23.8   16:05  17.4    0:25   0.1   1.9   0.0  11.4  48.3   21:35   SSW
 3  18.7  21.4   13:25  16.5    4:30   0.4   0.8   0.0  24.8  59.5    5:50     S
 4  19.2  23.5   14:40  16.4    2:50   0.6   1.5   0.2   6.4  24.1   15:15    SW
 5  18.8  22.6   15:10  16.6    0:15   0.4   0.9   0.0   7.2  27.4   17:30     W
 6  19.1  24.0   16:10  14.9    5:55   0.9   1.6   0.0   9.3  30.6   10:10     N
 7  20.7  24.4   13:40  17.3    5:10   0.1   2.5   0.2   5.3  20.9   16:55     N
 8  21.6  25.3   15:10  19.0   23:05   0.0   3.3   0.0   8.4  25.7   16:25   SSW
 9  20.2  22.7   13:05  17.9    7:20   0.0   1.9   0.0  10.0  32.2   12:05   SSW
10  21.3  25.2   14:40  18.9   22:00   0.0   3.0   0.0  17.9  45.1   23:15     S
11  20.7  24.3   16:10  18.4   21:20   0.0   2.4   0.0  23.3  41.8    7:55     S
12  20.4  24.9   15:55  17.9    5:40   0.0   2.1   0.2  13.5  29.0    1:10     S
13  19.6  22.1   17:00  18.2    1:50   0.0   1.3   0.2  25.9  61.2   14:20     S
14  16.7  19.9   15:15  14.0   22:20   1.8   0.2   1.0  12.1  37.0   10:35    SW
15  16.3  20.0   13:25  13.9   22:35   2.1   0.1   0.0  11.4  48.3   12:40    SW
16  15.8  19.8   12:55  13.1   23:20   2.5   0.1   0.0   6.3  22.5    1:10     N
17  16.1  21.9   15:55  10.7    5:10   2.8   0.7   0.0   8.0  30.6   10:50     N
18  17.4  21.6   15:10  14.7   22:00   1.5   0.7   0.0   9.7  37.0   13:50   SSW
19  17.2  21.0   15:05  14.4    2:20   1.6   0.5   0.2  22.4  56.3   15:05     S
20  18.7  22.6   15:20  15.6   23:25   0.5   0.9   0.2  16.3  40.2   14:15     S
21  17.9  23.6   14:30  14.9   23:00   1.4   1.0   0.2   5.8  20.9   14:15     W
22  17.7  22.2   16:50  14.4    6:30   1.4   0.8   0.0   7.1  24.1    2:15     W
23  16.8  19.3   14:40  14.4   23:50   1.5   0.0  11.4  10.1  33.8   17:35     S
24  16.1  20.4   15:25  13.7   22:55   2.4   0.2   0.0   5.8  25.7    0:25     N
25  16.3  21.1   16:20  13.3    4:10   2.4   0.4   0.0   6.8  22.5   14:50    SW
26  17.8  22.2   14:20  14.3    2:15   1.4   0.9   0.2  19.8  49.9   15:40   SSW
27  19.1  23.9   14:10  15.6   22:35   0.6   1.3   0.0  19.5  48.3    1:00     S
28  19.3  24.8   15:55  15.3    4:35   0.9   1.9   0.0   7.4  22.5   21:35     N
29  20.0  25.3   16:30  16.2    5:40   0.6   2.3   0.0   6.3  24.1    5:00   NNE
30  20.6  25.1   15:05  17.6   22:40   0.1   2.4   0.0   7.4  22.5   15:20    SW
31  19.2  23.2   13:40  16.3   22:00   0.4   1.2   0.0  12.2  30.6   20:10   SSW
-------------------------------------------------------------------------------------
    18.7  25.3     8    10.7    17    29.2  40.5  14.0  11.7  61.2    13       S

Max >=  32.0:  0
Max <=   0.0:  0
Min <=   0.0:  0
Min <= -18.0:  0
Max Rain: 11.40 ON 23/08/14
Days of Rain: 10 (> .2 mm) 1 (> 2 mm) 0 (> 20 mm)
Heat Base:  18.3  Cool Base:  18.3  Method: Integration