NOAA-style Climate Reports

Select a Year or Month report

Report for 2015 May
                   MONTHLY CLIMATOLOGICAL SUMMARY for MAY. 2015

NAME: Vado la Lepre   CITY: Castelnuovo V.C.   STATE: Italia 
ELEV:   800 m  LAT: 43.2068 N  LONG: 10.8773 E

                   TEMPERATURE (C), RAIN  (mm), WIND SPEED (km/hr)

                                      HEAT  COOL        AVG
    MEAN                              DEG   DEG         WIND                 DOM
DAY TEMP  HIGH   TIME   LOW    TIME   DAYS  DAYS  RAIN  SPEED HIGH   TIME    DIR
------------------------------------------------------------------------------------
 1  10.8  13.8   16:15   8.8    7:50   7.5   0.0   0.0  26.2  57.9   13:00     S
 2  13.3  18.1   15:50  10.0    2:30   5.0   0.0   0.8  21.1  62.8    1:40   SSW
 3  14.5  18.1   15:55  12.1    4:10   3.8   0.0   0.0  18.0  51.5   23:40     S
 4  16.6  19.8   15:10  14.2    5:20   1.9   0.2   0.0  26.7  54.7   22:00     N
 5  17.8  21.8   15:55  15.5   21:20   1.0   0.6   0.0  33.5  69.2   12:00     N
 6  18.1  22.2    8:50  13.3   22:10   1.0   0.7   0.0  15.1  45.1   18:00   SSW
 7  15.1  18.9   13:55  12.6   00:00   3.2   0.0   0.0  10.6  30.6   14:40    SW
 8  14.6  19.7   14:00  10.9    4:05   3.7   0.0   0.0   9.2  27.4    1:25    SW
 9  14.7  19.9   15:45  10.4    1:20   3.7   0.1   0.0   6.8  27.4    0:20     N
10  17.3  22.1   15:10  13.1    6:35   1.9   0.9   0.0   8.4  25.7    0:20     N
11  18.6  22.6   13:50  15.2    3:10   1.0   1.3   0.0   5.0  22.5   15:25     N
12  18.9  23.3   15:20  15.2    3:40   0.9   1.5   0.0   6.9  24.1   22:00     N
13  16.1  19.3   14:40  13.6   21:15   2.3   0.1   0.0  15.1  38.6   22:50    SW
14  16.5  20.7   15:20  14.2    5:45   2.1   0.3   0.0  14.5  54.7   23:55     N
15  12.7  18.1    5:45   8.5   20:45   5.6   0.0   1.6  17.1  62.8   12:15     N
16  12.0  16.0   12:25   8.3    5:05   6.3   0.0   0.0   7.4  25.7   23:15     N
17  16.9  22.7   15:30  11.8    6:20   2.4   1.0   0.0  15.3  35.4    7:55     N
18  18.8  23.7   14:45  14.4    4:45   1.1   1.6   0.0   9.5  30.6    7:25     N
19  16.2  20.8   13:15  13.3    5:15   2.4   0.3   0.0   8.0  25.7   13:40    NW
20  13.0  15.9   16:50   9.4   22:55   5.3   0.0   0.2  16.6  43.5    8:20     N
21  10.2  13.7   13:25   8.1   23:15   8.1   0.0   1.6   6.0  27.4   15:10     N
22   7.5   8.8   18:45   5.7    4:30  10.8   0.0   8.4  11.9  37.0    9:50     N
23   8.9  11.3   13:15   7.3    0:35   9.4   0.0  16.2   6.3  20.9    6:40     N
24  10.6  16.0   16:25   8.3    6:55   7.7   0.0   2.4   8.5  30.6    8:15     N
25  13.2  16.8   15:05   9.6    5:05   5.1   0.0   0.0   7.4  27.4   15:30     N
26  12.3  15.6   10:50  10.9   00:00   6.0   0.0   2.4   5.0  19.3   11:55     N
27  11.9  15.9   15:20   9.7   23:45   6.4   0.0   0.2  10.1  32.2   15:25     N
28  13.3  18.3   16:45   8.8    5:05   5.0   0.0   0.0   7.9  32.2    6:10     N
29  15.2  19.6   14:55  10.9    5:45   3.2   0.1   0.0   8.7  27.4   14:30     N
30  14.9  18.8   15:25  11.6    3:30   3.3   0.0   0.0   7.2  25.7   13:35   SSW
31  16.8  21.2   15:25  12.7    0:30   2.1   0.5   0.0   5.3  20.9   14:15    SW
-------------------------------------------------------------------------------------
    14.4  23.7    18     5.7    22   128.9   9.1  33.8  12.1  69.2     5       N

Max >=  32.0:  0
Max <=   0.0:  0
Min <=   0.0:  0
Min <= -18.0:  0
Max Rain: 16.21 ON 23/05/15
Days of Rain: 9 (> .2 mm) 4 (> 2 mm) 0 (> 20 mm)
Heat Base:  18.3  Cool Base:  18.3  Method: Integration