NOAA-style Climate Reports

Select a Year or Month report

Report for 2016 Mar
                   MONTHLY CLIMATOLOGICAL SUMMARY for MAR. 2016

NAME: Vado la Lepre   CITY: Castelnuovo V.C.   STATE: Italia 
ELEV:   800 m  LAT: 43.2068 N  LONG: 10.8773 E

                   TEMPERATURE (C), RAIN  (mm), WIND SPEED (km/hr)

                                      HEAT  COOL        AVG
    MEAN                              DEG   DEG         WIND                 DOM
DAY TEMP  HIGH   TIME   LOW    TIME   DAYS  DAYS  RAIN  SPEED HIGH   TIME    DIR
------------------------------------------------------------------------------------
 1   6.2  10.6   14:30   2.6    0:30  12.1   0.0   0.2   4.0  22.5   14:00     N
 2   7.1  10.6   13:20   5.0    6:50  11.2   0.0   0.6  15.9  90.1   23:30     S
 3   4.9   9.0   15:30   1.4    4:30  13.4   0.0   1.2  18.7  83.7    0:20     N
 4   4.1   8.9   12:20  -0.4    4:10  14.2   0.0   0.0  10.3  48.3   00:00     N
 5   5.9   7.8   14:30   4.1    0:50   9.7   0.0   6.0  50.4 101.4   14:50   SSE
 6   3.8   7.3   13:30   0.9   00:00  14.4   0.0   2.4  16.9  62.8    2:10     S
 7   3.0   6.2   14:50   0.9    0:10  15.3   0.0   0.0  10.0  38.6   11:10    SW
 8   2.1   5.3   10:40   0.0    0:30  16.2   0.0   5.6  12.2  40.2    6:50     S
 9   1.5   4.3   13:20  -0.6    7:20  16.8   0.0   1.4  10.1  30.6    6:00     N
10   3.8   9.3   15:10   0.3    6:30  14.5   0.0   0.2  11.6  30.6    5:40     N
11   4.6   9.1   14:30   2.1    6:40  13.7   0.0   1.6  16.9  43.5   12:40     N
12   5.1   9.6   14:00   2.7    5:50  13.2   0.0   0.2  18.0  45.1    8:10     N
13   4.3   8.0   13:20   2.3    4:30  13.9   0.0   0.0  21.4  51.5   16:20     N
14   4.1   8.2   16:00   1.4   00:00  14.2   0.0   0.0  18.5  48.3    2:30     N
15   4.6   9.8   14:00   0.1    6:20  13.7   0.0   0.0   7.4  32.2    2:40   NNE
16   4.4   8.2   12:20   2.1    3:20  13.9   0.0   0.0  11.6  37.0    4:50    NE
17   5.2   9.8   15:10   2.0    6:20  13.1   0.0   0.0  15.9  37.0   11:10     N
18   7.4  13.1   14:40   3.7    4:10  10.8   0.0   0.0   6.4  30.6    0:50     N
19   7.8  12.7   15:40   4.9    0:10  10.5   0.0   0.0   4.2  22.5   15:40    SW
20   7.0   9.7   15:10   5.3    7:00  11.3   0.0   0.0  15.3  45.1   22:50     S
21   9.0  13.6   12:30   6.4    0:10   9.3   0.0   0.4  12.1  48.3    0:10     N
22   9.3  14.6   13:00   6.1    5:30   9.0   0.0   0.0  16.3  46.7   00:00     N
23   4.4   7.3    0:10   1.6   22:40  13.9   0.0   0.0  24.1  61.2    6:50     N
24   6.1  11.3   13:50   1.7    3:50  12.2   0.0   0.0   9.2  40.2   12:10     N
25   7.3  10.8   15:20   4.9    4:20  11.0   0.0   0.0  11.6  40.2   16:50     N
26   8.9  13.4   14:30   5.1    4:00   9.4   0.0   0.0   2.3  19.3   10:10     N
27   8.6  11.6   13:30   6.4    6:40   9.3   0.0   0.2  12.4  40.2   21:50   SSW
28   7.9  10.1   15:20   6.7   21:20  10.4   0.0   7.8  13.7  40.2    4:10   SSE
29   9.3  12.8   13:20   6.4    3:20   9.0   0.0   0.0  12.2  40.2   16:40     S
30   9.4  13.8   14:10   7.1    6:10   8.9   0.0   0.2  27.2  53.1   20:40   SSE
31  11.2  14.3   18:20   7.9    1:10   7.1   0.0   0.0  34.4  69.2   22:40   SSE
-------------------------------------------------------------------------------------
     6.1  14.6    22    -0.6     9   375.6   0.0  28.0  15.2 101.4     5       N

Max >=  32.0:  0
Max <=   0.0:  0
Min <=   0.0:  3
Min <= -18.0:  0
Max Rain: 7.80 ON 28/03/16
Days of Rain: 14 (> .2 mm) 4 (> 2 mm) 0 (> 20 mm)
Heat Base:  18.3  Cool Base:  18.3  Method: Integration