NOAA-style Climate Reports

Select a Year or Month report

Report for 2016 Dec
                   MONTHLY CLIMATOLOGICAL SUMMARY for DEC. 2016

NAME: Vado la Lepre   CITY: Castelnuovo V.C.   STATE: Italia 
ELEV:   800 m  LAT: 43.2068 N  LONG: 10.8773 E

                   TEMPERATURE (C), RAIN  (mm), WIND SPEED (km/hr)

                                      HEAT  COOL        AVG
    MEAN                              DEG   DEG         WIND                 DOM
DAY TEMP  HIGH   TIME   LOW    TIME   DAYS  DAYS  RAIN  SPEED HIGH   TIME    DIR
------------------------------------------------------------------------------------
 1   5.5   7.4   15:10   3.2    2:00  12.8   0.0   0.0  16.6  41.8   11:30    SW
 2   6.4   6.8    7:10   6.1    4:10  11.8   0.0   0.4  17.2  38.6    5:20   SSW
 3   6.7   8.5   13:10   5.5   00:00  11.6   0.0   0.0   6.4  24.1   22:50   NNE
 4   6.9   9.6   12:40   5.3    1:20  11.4   0.0   0.0   7.2  19.3    6:30   NNE
 5   8.8  12.4   12:40   7.5    7:20   9.5   0.0   0.0  16.1  37.0    9:10    SE
 6   8.7  11.4   13:00   6.3   21:50   9.6   0.0   0.0   8.7  29.0    2:10    SE
 7   7.2   9.3   14:00   6.0   20:10  11.1   0.0   0.0  14.2  40.2   20:40   NNE
 8   9.3  12.9   13:30   6.3    0:10   9.0   0.0   0.0   6.4  35.4    3:10    NE
 9   7.4  10.6   14:10   5.9    5:10  10.8   0.0   0.2   9.0  22.5   13:50   SSW
10   7.9   8.8   11:20   6.6    0:10  10.4   0.0   0.0   7.9  22.5   21:50   SSW
11   8.3   9.1   12:10   7.6    4:40  10.0   0.0   0.2  14.0  35.4   14:50     S
12   7.0   9.2   13:30   5.5   20:10  11.3   0.0   0.0   7.7  37.0   22:00     N
13   7.9  11.8   11:00   5.1    1:20  10.4   0.0   0.0  10.6  29.0   15:20     S
14   6.9   7.3    1:20   6.1   11:00  11.4   0.0   1.4  20.4  38.6    7:00     S
15   6.5   8.5   14:50   4.3   23:30  11.8   0.0   0.2   9.7  27.4   23:30   SSE
16   3.7   6.7    4:50   0.1   23:40  14.6   0.0   0.2  16.4  49.9   21:30   NNE
17   1.8   4.3   21:50  -0.9    0:50  16.5   0.0   0.0  17.2  49.9    1:50     N
18   4.1   7.2   13:50   2.2    6:40  14.2   0.0   0.0  10.6  24.1   10:30     S
19   3.9   5.4   10:40   1.8   21:00  14.4   0.0   2.0  16.6  53.1   23:40    NE
20   4.8   6.3   00:00   2.8    0:10  13.5   0.0   9.8  16.7  38.6    0:30   NNE
21   7.3   9.6   23:30   5.8    7:20  11.0   0.0   2.2  14.8  40.2   12:10   NNE
22   8.5  11.3   12:00   6.7    1:40   9.8   0.0   0.0   6.9  20.9   20:30     N
23   8.8  11.1   12:50   6.5    0:30   9.5   0.0   0.0   8.4  25.7    4:30     N
24   8.5  11.2    0:20   6.7   19:00   9.8   0.0   0.0   6.3  20.9   18:00   WSW
25   7.7  11.6   23:40   6.7   17:20  10.6   0.0   0.2   7.7  24.1    1:00     N
26  10.3  14.0   12:20   6.6   20:00   8.0   0.0   0.0   9.0  20.9   14:20     S
27   8.6  11.6   14:00   6.3   00:00   9.7   0.0   0.2   8.7  30.6   21:50     N
28   7.1  10.6   13:40   4.2    5:00  11.3   0.0   0.2  11.6  30.6    1:30     N
29   1.5   6.0    0:20  -2.3   23:30  16.8   0.0   0.0  16.6  51.5    7:00     N
30  -0.1   3.2   15:00  -2.4    5:40  18.4   0.0   0.0  11.4  32.2   23:30     N
31   5.2   9.2   13:50   1.7    0:10  10.8   0.0   0.0  10.6  37.0    1:10     N
-------------------------------------------------------------------------------------
     6.6  14.0    26    -2.4    30   361.8   0.0  17.2  11.7  53.1    19       N

Max >=  32.0:  0
Max <=   0.0:  0
Min <=   0.0:  3
Min <= -18.0:  0
Max Rain: 9.80 ON 20/12/16
Days of Rain: 12 (> .2 mm) 3 (> 2 mm) 0 (> 20 mm)
Heat Base:  18.3  Cool Base:  18.3  Method: Integration