NOAA-style Climate Reports

Select a Year or Month report

Report for 2017 Dec
                   MONTHLY CLIMATOLOGICAL SUMMARY for DEC. 2017

NAME: Vado la Lepre   CITY: Castelnuovo V.C.   STATE: Italia 
ELEV:   800 m  LAT: 43.2068 N  LONG: 10.8773 E

                   TEMPERATURE (C), RAIN  (mm), WIND SPEED (km/hr)

                                      HEAT  COOL        AVG
    MEAN                              DEG   DEG         WIND                 DOM
DAY TEMP  HIGH   TIME   LOW    TIME   DAYS  DAYS  RAIN  SPEED HIGH   TIME    DIR
------------------------------------------------------------------------------------
 1   2.6   4.8   15:30   0.0   10:10  15.7   0.0   4.0   9.2  53.1   10:50     S
 2   1.1   3.3   14:30  -0.3   23:50  17.2   0.0   0.0  24.3  59.5   15:30    NE
 3  -0.3   2.2   14:40  -2.3   00:00  18.6   0.0   0.0  18.5  43.5    1:10   NNE
 4   0.7   4.1   15:40  -2.6    0:30  17.6   0.0   0.0  11.3  33.8    4:00   NNE
 5   5.5   8.7   15:40   3.6    0:10  12.8   0.0   0.0   8.0  24.1    4:40   WSW
 6   5.4   7.9   15:00   4.3    8:50  12.9   0.0   0.4  12.1  27.4   15:40   SSW
 7   5.4   6.5   16:30   4.6    6:40  12.9   0.0   0.6  23.0  46.7   13:00   SSW
 8   6.4   7.4   17:30   4.7   00:00  11.9   0.0   1.6  40.4  82.1   19:00   SSW
 9   2.2   4.7    0:10  -0.9   18:30  16.1   0.0   0.0  17.4  80.5    1:10     N
10   2.9   8.7   00:00  -0.4    5:10  15.2   0.0  10.2  42.8 111.0   23:50   SSW
11   9.4  10.0   00:00   8.7    0:10   4.6   0.0   0.8  30.3 126.0    7:30    SW
12   6.4  11.1    3:00   4.5   23:30   4.7   0.0   5.4   4.5  48.3    1:30     W
13   5.1   6.9   13:10   3.7    9:10  13.2   0.0   2.4   7.9  59.5   16:00     W
14   6.9   9.5   21:40   3.6    4:00  11.4   0.0   1.4   5.8  41.8   12:30     W
15   6.9   8.7   10:40   4.6   21:30  11.4   0.0   3.0   8.7  53.1   19:50     W
16   2.4   5.5    0:10  -0.4   21:35  15.9   0.0   5.6  12.7  51.5    1:20     W
17   1.2   3.7   13:45  -0.6    1:00  17.1   0.0   0.0  13.5  35.4    3:45   ENE
18   2.1   5.6   14:10   0.3    1:30  16.2   0.0   0.0   7.7  24.1   10:40   ENE
19  -0.3   1.3   12:35  -1.6   21:20  18.6   0.0   0.0  13.8  37.0    8:05     E
20  -0.7   2.1   14:25  -2.9   00:00  19.0   0.0   0.0  14.3  43.5   11:00   ENE
21   0.1   5.4   00:00  -3.2    7:40  18.2   0.0   0.0  15.3  38.6    2:05   ENE
22   6.4   8.7   11:20   4.6    6:40  11.9   0.0   0.0  13.2  43.5   13:30   ENE
23   7.8  11.4   13:25   5.9    0:05  10.5   0.0   0.0   6.6  24.1    0:35   WNW
24   5.9   8.0   12:00   4.7    6:40  12.3   0.0   0.0  11.9  32.2   19:05   WNW
25   5.8   7.1   14:10   5.3    0:10  12.4   0.0   0.0  16.7  38.6   22:35    SW
26   5.7   6.4   23:30   5.1   17:25  12.7   0.0   0.8  32.8  74.0   23:30    SW
27   5.3   6.5    3:10   1.9   00:00  12.9   0.0  43.4  48.6  98.2   14:10   WSW
28   0.8   2.4   13:30  -1.1    8:10  17.5   0.0   2.4  15.4  72.4    2:50   ESE
29   1.4   3.7   15:20  -0.7    8:00  16.8   0.0   1.0  12.6  38.6   23:10   ESE
30   4.8   7.2   20:15   1.3    0:40  13.5   0.0   2.0  26.9  54.7   10:10   WNW
31   7.6  10.0   14:25   6.3    2:35  10.8   0.0   0.0  18.7  53.1   00:00     W
-------------------------------------------------------------------------------------
     4.0  11.4    23    -3.2    21   432.5   0.0  85.0  17.6 126.0    11     ENE

Max >=  32.0:  0
Max <=   0.0:  0
Min <=   0.0: 13
Min <= -18.0:  0
Max Rain: 43.41 ON 27/12/17
Days of Rain: 16 (> .2 mm) 9 (> 2 mm) 1 (> 20 mm)
Heat Base:  18.3  Cool Base:  18.3  Method: Integration