NOAA-style Climate Reports

Select a Year or Month report

Report for 2018 Jun
                   MONTHLY CLIMATOLOGICAL SUMMARY for JUN. 2018

NAME: Vado la Lepre   CITY: Castelnuovo V.C.   STATE: Italia 
ELEV:   800 m  LAT: 43.2068 N  LONG: 10.8773 E

                   TEMPERATURE (C), RAIN  (mm), WIND SPEED (km/hr)

                                      HEAT  COOL        AVG
    MEAN                              DEG   DEG         WIND                 DOM
DAY TEMP  HIGH   TIME   LOW    TIME   DAYS  DAYS  RAIN  SPEED HIGH   TIME    DIR
------------------------------------------------------------------------------------
 1  15.7  21.1   14:40  11.8    5:50   2.9   0.3   0.0   5.8  29.0   16:30    NW
 2  17.5  22.9   15:30  12.7    0:20   1.6   0.8   0.0   1.8  19.3   15:00   WNW
 3  19.7  24.3   15:30  15.9    2:40   0.4   1.8   0.0   3.9  29.0   18:50     S
 4  16.3  21.1   14:10  12.3   22:10   2.2   0.3   2.0   9.7  46.7   13:10     S
 5  14.7  18.9   13:20  11.8    5:50   3.6   0.0   1.4   8.9  30.6   15:00   WNW
 6  16.3  21.4   15:10  12.8    5:00   2.4   0.5   0.0   2.7  24.1   17:30    NW
 7  17.2  22.4   14:10  13.9    1:00   1.9   0.8   0.2   3.9  46.7   00:00     E
 8  14.9  19.3   12:10  12.2   17:30   3.4   0.0  19.4   6.4  51.5   17:20     E
 9  15.3  18.6   15:45  13.4    5:55   3.0   0.0   0.2  14.3  38.6   13:40     W
10  17.4  21.8   16:25  14.1    5:40   1.6   0.7   0.0  14.0  33.8   10:00   WSW
11  20.5  24.7   12:00  16.8   23:00   0.1   2.3   0.0  11.9  41.8   13:25    SW
12  16.7  19.7   12:35  13.6   23:40   1.6   0.0   0.0  13.8  38.6   18:10     W
13  14.5  17.2   10:25  12.3    6:50   3.8   0.0  17.4   9.5  35.4    0:25   SSW
14  15.3  19.5   13:30  13.1    2:40   3.1   0.1   3.2  11.1  35.4    9:05   ENE
15  15.9  19.9   14:30  11.9    5:10   2.5   0.1   0.0  13.0  38.6   13:30   ENE
16  17.3  21.8   16:05  12.5    5:05   1.9   0.9   0.0  10.6  33.8    9:30    NE
17  19.2  23.2   14:25  15.6    5:40   0.6   1.5   0.0   8.0  20.9    7:25    NE
18  20.1  24.2   14:45  16.7    5:35   0.3   2.1   0.0  11.4  35.4   11:20    NE
19  20.2  24.0   14:20  16.3    4:05   0.3   2.2   0.0  12.7  33.8   00:00    NE
20  20.4  25.2   15:55  16.1    4:05   0.4   2.5   0.0  10.3  33.8    2:00    NE
21  20.3  23.0   13:30  17.7   22:30   0.0   2.1   0.0  10.9  33.8   14:30   WSW
22  19.0  22.7   13:30  16.3   00:00   0.4   1.1   0.0  10.5  32.2   23:45    SW
23  16.8  21.3   16:00  12.7    5:05   2.1   0.6   0.0  15.4  49.9    7:40   ENE
24  17.1  22.3   16:50  13.3    3:05   2.0   0.8   0.0   9.3  38.6    5:40   ENE
25  16.3  21.9   12:55  12.1   00:00   2.3   0.3   2.0   9.0  35.4   22:10    NE
26  14.9  19.4   16:05  10.1    3:55   3.4   0.1   0.0  16.7  48.3   13:05    NE
27  16.9  22.2   14:50  13.3   22:15   2.1   0.7   3.6  10.1  35.4   22:00    NE
28  16.2  21.8   14:20  13.3    2:45   2.4   0.3   0.0   7.9  32.2    1:50    NE
29  18.1  22.8   14:50  12.9    6:00   1.4   1.1   0.0   7.4  24.1   21:45     N
30  21.0  25.0   15:35  15.8    5:40   0.3   3.0   0.0   7.9  20.9    3:25   WSW
-------------------------------------------------------------------------------------
    17.4  25.2    20    10.1    26    54.2  26.8  49.4   9.6  51.5     8      NE

Max >=  32.0:  0
Max <=   0.0:  0
Min <=   0.0:  0
Min <= -18.0:  0
Max Rain: 19.41 ON 08/06/18
Days of Rain: 9 (> .2 mm) 6 (> 2 mm) 0 (> 20 mm)
Heat Base:  18.3  Cool Base:  18.3  Method: Integration