NOAA-style Climate Reports

Select a Year or Month report

Report for 2019 Dec
                   MONTHLY CLIMATOLOGICAL SUMMARY for DEC. 2019

NAME: Vado la Lepre   CITY: Castelnuovo V.C.   STATE: Italia 
ELEV:   800 m  LAT: 43.2068 N  LONG: 10.8773 E

                   TEMPERATURE (C), RAIN  (mm), WIND SPEED (km/hr)

                                      HEAT  COOL        AVG
    MEAN                              DEG   DEG         WIND                 DOM
DAY TEMP  HIGH   TIME   LOW    TIME   DAYS  DAYS  RAIN  SPEED HIGH   TIME    DIR
------------------------------------------------------------------------------------
 1   8.3   9.1   13:40   7.1    7:40  10.0   0.0   1.2  19.3  67.6   22:20     S
 2  10.3  11.2    8:20   8.8    0:10   8.0   0.0  21.6  21.2  69.2   11:10   SSW
 3   5.3   8.8    0:10   1.3   00:00  13.0   0.0   0.4  17.5  53.1   21:50    NE
 4   2.8   5.0   13:40   1.1    6:20  15.5   0.0   0.0  23.2  53.1    1:30   NNE
 5   7.3  10.4   12:30   3.0    1:00  11.0   0.0   0.0   8.5  29.0    1:10    SE
 6   8.6  10.1   16:00   7.6   21:00   9.7   0.0   0.2  14.8  33.8   11:20   SSE
 7   8.2   9.1   14:30   7.7   20:30  10.1   0.0   5.2   9.2  37.0    3:20    SW
 8   8.5  11.2   13:00   7.0    6:20   9.8   0.0   0.8   5.5  24.1   15:10     S
 9   7.1   7.9   11:10   6.0   16:50   8.4   0.0   2.4  14.0  70.8   11:40   SSW
10   4.2   6.7   14:10   2.0   23:10   5.9   0.0   0.0  11.4  48.3   17:00   NNE
11   2.6   4.5   00:00   0.3    7:20  15.8   0.0   0.0   8.2  43.5    9:30     N
12   2.9   4.5    0:10   1.1   18:40  15.4   0.0   4.2   9.0  41.8    6:40    SW
13   4.3   7.4   14:20   2.2    1:40  14.0   0.0  14.6  15.4  95.0   14:10   SSW
14   7.3   9.2   14:40   3.9    0:10  11.0   0.0   0.8   9.0  45.1   19:10    SW
15   9.4  11.7    9:50   7.9    1:30   8.8   0.0   0.4   8.7  35.4   21:30     S
16   9.1  10.2   00:00   8.1   11:30   9.2   0.0   0.2  10.3  35.4    5:00     S
17  10.2  10.6   11:30   9.7   23:20   8.1   0.0   0.0  19.0  74.0   10:40     S
18  10.1  11.2   12:20   9.3    4:40   8.2   0.0   0.0   5.0  38.6    2:20   SSE
19   9.1  11.5    3:30   6.7   23:20   9.2   0.0   7.0   7.1  35.4   19:10    SE
20   8.0   9.4   23:40   6.9    7:10  10.3   0.0  23.2  20.1  98.2   19:40     S
21   9.8  11.1   14:10   8.2   19:30   8.5   0.0  30.4   0.2  43.5   14:00   SSW
22   7.4  11.2    3:30   5.7    7:00  10.9   0.0  35.8   0.0   4.8    5:50    SW
23   7.6  10.8   14:30   5.6    4:30  10.7   0.0   0.2   0.0   0.0     ---   ---
24   7.4   9.9   14:40   5.7    8:00  10.9   0.0   0.0   0.0   0.0     ---   ---
25   8.6  12.3   14:30   6.2   21:20   9.7   0.0   0.0   0.0   0.0     ---   ---
26   7.9  12.2   14:50   6.3    2:20  10.4   0.0   0.0   0.0   0.0     ---   ---
27   6.7  10.2   14:10   4.1   00:00  11.7   0.0   0.0   0.0   0.0     ---   ---
28   2.4   4.4   13:40   0.1   23:30  15.8   0.0   0.2   7.7  43.5   12:10    NE
29   0.4   3.3   15:00  -1.6    5:50  17.9   0.0   0.0  16.6  38.6    6:40    NE
30   0.0   2.9   14:00  -2.3    6:50  18.3   0.0   0.0  20.0  45.1    9:40    NE
31   4.1   7.4   14:30   0.2    0:10  14.2   0.0   0.0  10.1  40.2    0:20   ENE
-------------------------------------------------------------------------------------
     6.6  12.3    25    -2.3    30   350.3   0.0 148.8  10.0  98.2    20       S

Max >=  32.0:  0
Max <=   0.0:  0
Min <=   0.0:  2
Min <= -18.0:  0
Max Rain: 35.79 ON 22/12/19
Days of Rain: 18 (> .2 mm) 9 (> 2 mm) 4 (> 20 mm)
Heat Base:  18.3  Cool Base:  18.3  Method: Integration