NOAA-style Climate Reports

Select a Year or Month report

Report for 2020 Aug
                   MONTHLY CLIMATOLOGICAL SUMMARY for AUG. 2020

NAME: Vado la Lepre   CITY: Castelnuovo V.C.   STATE: Italia 
ELEV:   800 m  LAT: 43.2068 N  LONG: 10.8773 E

                   TEMPERATURE (C), RAIN  (mm), WIND SPEED (km/hr)

                                      HEAT  COOL        AVG
    MEAN                              DEG   DEG         WIND                 DOM
DAY TEMP  HIGH   TIME   LOW    TIME   DAYS  DAYS  RAIN  SPEED HIGH   TIME    DIR
------------------------------------------------------------------------------------
 1  25.7  30.3   16:30  22.3    4:50   0.0   7.4   0.0   8.4  29.0   14:30   WSW
 2  24.6  28.2   14:40  21.6   23:50   0.0   6.3   0.0  13.5  40.2   14:20    SW
 3  20.9  25.4   13:30  17.4   21:50   0.1   2.7   0.0  18.8  57.9   15:00    SW
 4  17.1  20.4   15:30  14.0   00:00   1.4   0.2   0.0  16.9  54.7   13:20   WSW
 5  16.8  22.5   14:10  12.7    6:40   2.2   0.7   0.0  15.1  41.8   17:50    NE
 6  18.5  23.1   16:50  13.7    2:10   1.4   1.5   0.0  16.7  46.7    9:40    NE
 7  20.9  26.6   16:10  15.7    4:00   0.6   3.2   0.0  14.8  41.8    4:20   NNE
 8  22.9  28.4   15:40  18.8    1:00   0.0   4.6   0.0  14.2  41.8    9:40    NE
 9  24.4  30.3   16:00  19.3    4:40   0.0   6.1   0.0   7.9  25.7    0:10    NE
10  25.5  30.3   15:50  22.1    5:30   0.0   7.2   0.0   6.0  25.7   16:40    NE
11  24.8  29.8   14:40  21.8   00:00   0.0   6.5   0.0   6.6  25.7   15:00   NNW
12  24.7  28.8   14:30  21.7    0:10   0.0   6.3   0.0   9.7  37.0   15:30   SSW
13  23.9  28.8   14:50  21.0   21:30   0.0   5.6   0.0  20.4  45.1   16:30   SSW
14  22.4  27.9   13:30  18.8    7:10   0.0   4.1   0.0  16.9  40.2    2:10   SSW
15  22.1  27.6   14:10  18.3   00:00   0.0   3.8   0.0   9.5  33.8   16:10   WSW
16  23.1  27.8   14:00  18.4    3:40   0.0   4.7   0.0  11.6  38.6   16:00   WSW
17  20.8  25.9   14:10  17.5   22:10   0.0   2.6   0.0   9.8  30.6   14:40   WSW
18  18.4  22.6   15:40  14.9   12:30   0.5   0.6   2.6  11.3  43.5   12:10   WSW
19  20.4  25.8   15:20  16.4    2:10   0.4   2.5   0.2   7.6  30.6   15:40   WNW
20  22.7  28.3   14:50  18.7    4:50   0.0   4.4   0.0   4.3  24.1   18:00   WSW
21  24.8  29.5   14:30  21.4    7:30   0.0   6.5   0.0  13.5  35.4   12:50   SSW
22  23.8  28.1   14:50  20.7   21:00   0.0   5.5   0.0  15.0  37.0   16:50    SW
23  23.2  29.9   15:00  17.7   22:20   0.0   4.9   0.0   6.8  29.0   23:50    NE
24  20.7  25.9   13:30  17.8    6:40   0.0   2.4   0.8   9.5  30.6    7:00     E
25  20.8  26.4   15:20  16.8    6:30   0.2   2.7   0.0   7.7  33.8   16:00   ENE
26  20.4  25.6   15:30  17.1    8:10   0.3   2.4   0.0  11.7  33.8   15:10   WSW
27  21.9  27.1   14:00  18.9   23:50   0.0   3.6   0.0  11.3  38.6   14:20   WSW
28  20.6  26.6   14:00  17.3    7:10   0.1   2.5   0.0  14.6  48.3   23:00    SW
29  20.6  23.9   12:40  17.9    1:40   0.0   2.2   0.0  43.9  85.3   22:50   SSW
30  17.4  20.2    0:10  14.9   00:00   1.3   0.4  13.0  27.2 101.4    4:40   SSW
31  13.3  15.2    9:40  10.1   18:00   5.0   0.0  19.4  10.3  46.7   17:00   NNE
-------------------------------------------------------------------------------------
    21.5  30.3     1    10.1    31    13.6 114.1  36.0  13.3 101.4    30     WSW

Max >=  32.0:  0
Max <=   0.0:  0
Min <=   0.0:  0
Min <= -18.0:  0
Max Rain: 19.41 ON 31/08/20
Days of Rain: 5 (> .2 mm) 3 (> 2 mm) 0 (> 20 mm)
Heat Base:  18.3  Cool Base:  18.3  Method: Integration