NOAA-style Climate Reports

Select a Year or Month report

Report for 2021 Sep
                   MONTHLY CLIMATOLOGICAL SUMMARY for SEP. 2021

NAME: Vado la Lepre   CITY: Castelnuovo V.C.   STATE: Italia 
ELEV:   800 m  LAT: 43.2068 N  LONG: 10.8773 E

                   TEMPERATURE (C), RAIN  (mm), WIND SPEED (km/hr)

                                      HEAT  COOL        AVG
    MEAN                              DEG   DEG         WIND                 DOM
DAY TEMP  HIGH   TIME   LOW    TIME   DAYS  DAYS  RAIN  SPEED HIGH   TIME    DIR
------------------------------------------------------------------------------------
 1  18.6  23.7   15:30  14.8    7:15   1.1   1.4   0.0   6.3  22.5    9:30   ENE
 2  19.2  25.2   16:15  15.3    7:00   0.7   1.6   0.0   8.9  25.7   10:30   ENE
 3  19.6  24.7   14:00  16.1    7:15   0.5   1.8   0.0   7.6  32.2   16:00   ENE
 4  19.0  22.9   15:30  16.9   21:15   0.2   0.9   0.0   5.6  20.9   16:30   ENE
 5  19.2  24.2   15:45  14.3    6:45   0.8   1.7   0.0   9.7  25.7   11:00   ENE
 6  18.3  24.1   15:30  13.8    5:15   1.5   1.5   0.0  11.9  38.6   10:30    NE
 7  18.6  24.3   14:00  14.1    3:00   1.3   1.6   0.0  11.6  43.5    5:30    NE
 8  19.1  23.8   15:30  15.2    7:15   0.7   1.4   0.0   8.4  27.4    6:30    NE
 9  18.4  22.5   13:45  15.8    8:30   0.5   0.6   1.4  10.3  35.4   15:00     N
10  19.2  22.4   13:45  17.0   20:15   0.1   1.0   0.0  10.3  32.2   14:00     N
11  20.1  25.4   15:00  15.8    5:15   0.5   2.2   0.0   6.4  20.9   22:00    NE
12  19.9  25.7   15:15  16.3    7:00   0.4   2.1   0.0   7.1  22.5   16:00    NE
13  19.9  25.3   15:15  15.7    7:00   0.4   2.0   0.0   6.8  20.9   16:00    NE
14  19.9  23.6   14:00  17.1    1:30   0.1   1.8   0.0   7.9  20.9   12:30     N
15  18.8  21.3   12:15  16.8   22:45   0.2   0.8   0.0  23.2  51.5   21:30     N
16  18.1  21.0   14:15  16.4    0:45   0.6   0.4   1.4  29.3  56.3   18:00     N
17  18.0  23.0   14:45  16.0   00:00   1.0   0.7   0.6  13.5  43.5   13:15     W
18  17.4  22.3   14:15  15.4    8:00   1.5   0.6   0.0  10.1  27.4   16:45     W
19  15.8  18.8   16:00  13.7   21:15   2.5   0.0   3.0  16.3  49.9   23:00     W
20  14.9  18.6   16:00  13.3    7:15   3.4   0.0   0.6  16.4  51.5    3:15     W
21  15.6  19.6   14:45  12.9    7:45   2.8   0.1   0.0   5.8  27.4   21:15   ENE
22  16.1  21.3   15:00  11.8    6:30   2.7   0.5   0.0   8.2  32.2   23:45   ENE
23  16.0  22.2   16:15  11.4    5:45   2.9   0.6   0.0  11.1  38.6    8:30   ENE
24  16.7  20.3   13:15  14.0    7:30   1.8   0.2   0.0  21.7  41.8   12:30     N
25  17.9  22.2   16:30  14.6    3:00   1.2   0.8   0.0  13.5  33.8    0:15     N
26  18.2  21.4   15:30  15.5   19:45   0.5   0.4  11.2  24.6  69.2   15:00     N
27  17.6  21.1   15:15  14.3   23:45   1.2   0.5   1.0  11.4  25.7    5:15     W
28  17.7  22.7   16:30  13.4    4:15   1.7   1.0   0.0   8.7  22.5    7:45   ENE
29  17.6  21.0   13:00  14.3   23:15   1.2   0.4   0.0   8.9  30.6   16:15     W
30  16.6  22.1   15:30  13.4    6:45   2.3   0.7   0.2  10.8  30.6    8:00   ENE
-------------------------------------------------------------------------------------
    18.1  25.7    12    11.4    23    36.4  29.2  19.4  11.7  69.2    26     ENE

Max >=  32.0:  0
Max <=   0.0:  0
Min <=   0.0:  0
Min <= -18.0:  0
Max Rain: 11.20 ON 26/09/21
Days of Rain: 8 (> .2 mm) 2 (> 2 mm) 0 (> 20 mm)
Heat Base:  18.3  Cool Base:  18.3  Method: Integration