NOAA-style Climate Reports

Select a Year or Month report

Report for 2020 05
                   MONTHLY CLIMATOLOGICAL SUMMARY for MAY. 2020

NAME: Sorbo   CITY: Castelnuovo V.C.   STATE: Italia 
ELEV:   595 m  LAT:  43.2094 N  LONG:  10.9019 E

                   TEMPERATURE (C), RAIN  (mm), WIND SPEED (km/hr)

                                      HEAT  COOL        AVG
    MEAN                              DEG   DEG         WIND                 DOM
DAY TEMP  HIGH   TIME   LOW    TIME   DAYS  DAYS  RAIN  SPEED HIGH   TIME    DIR
------------------------------------------------------------------------------------
 1  14.1  18.8   14:30   9.8    5:50   4.2   0.0   0.2   3.5  30.6   12:10    SW
 2  14.4  18.7   15:30  12.4   20:30   3.9   0.0   0.0   6.0  40.2    5:10    SW
 3  16.0  21.2   15:20  11.3   23:50   2.8   0.5   0.0   3.2  27.4    3:20    NW
 4  15.8  21.8   15:20   7.6    6:00   3.1   0.6   0.0   2.9  25.7    3:50    SW
 5  15.7  20.2   13:30  12.4    3:50   2.7   0.2   0.0   2.4  20.9    2:00    SW
 6  14.9  21.4   15:50   8.7    3:40   3.7   0.3   0.0   2.4  38.6   22:30    NW
 7  14.4  20.7   15:00   9.2   00:00   4.1   0.3   0.0   6.3  35.4    1:20    NW
 8  15.2  22.5   13:30   8.2    2:50   4.0   1.0   0.0   1.9  22.5   16:10    SW
 9  14.9  20.8   15:00   7.3    2:50   3.8   0.4   0.0   2.4  27.4   11:40    NW
10  15.9  20.8   14:00  12.4    4:20   2.6   0.3   0.0   2.3  27.4   11:40    NW
11  14.2  18.7   13:10  10.3   23:40   4.1   0.0   3.0   2.1  29.0   13:10    SW
12  15.4  21.3   15:10  11.5    0:10   3.2   0.4   2.2   2.9  27.4   16:30    SW
13  15.7  19.0   13:30  12.7    2:50   2.6   0.0   0.0   3.2  32.2   15:10    NW
14  17.9  24.1   15:50  14.0    5:40   1.7   1.3   0.0   2.1  32.2   23:40    NW
15  15.6  20.8   13:30  12.4    6:10   2.9   0.2   0.0   2.3  24.1    3:00   WSW
16  14.7  17.9   14:30   9.9    5:30   3.6   0.0   0.0   0.8  24.1   19:00    NW
17  17.7  24.8   13:30  11.3    5:40   2.2   1.6   0.0   1.6  19.3   12:10    SW
18  15.8  19.8   13:20  12.6    3:10   2.6   0.1   2.8   0.8  12.9    7:20     E
19  15.4  21.3   15:20  12.4   22:30   3.1   0.2   5.6   0.6  12.9   16:40     E
20  14.4  18.2   16:40  12.2    1:30   3.8   0.0  12.2   2.6  22.5   17:30    NW
21  16.2  21.7   15:20  10.3    4:20   3.0   0.8   0.0   2.1  30.6   12:00    NW
22  18.1  23.9   15:10  10.2    5:50   2.0   1.8   0.0   1.6  16.1   21:40    SW
23  18.3  25.2   13:00  11.9    5:20   2.0   2.0   0.0   2.1  19.3   13:30    SW
24  18.3  23.7   15:30  11.6    1:00   1.7   1.7   0.0   1.9  19.3   16:20   WNW
25  17.4  23.5   14:30  12.9    5:00   1.4   0.8   0.0   5.3  25.7    9:10   WNW
26
27
28
29
30
31
-------------------------------------------------------------------------------------
    15.9  25.2    23     7.3     9    74.9  14.4  26.0   2.6  40.2     2      NW

Max >=  32.0:  0
Max <=   0.0:  0
Min <=   0.0:  0
Min <= -18.0:  0
Max Rain: 12.19 ON 20/05/20
Days of Rain: 6 (> .2 mm) 5 (> 2 mm) 0 (> 20 mm)
Heat Base:  18.3  Cool Base:  18.3  Method: Integration