NOAA-style Climate Reports

Select a Year or Month report

Report for 2019 05
                   MONTHLY CLIMATOLOGICAL SUMMARY for MAY. 2019

NAME: Sorbo   CITY: Castelnuovo V.C.   STATE: Italia 
ELEV:   595 m  LAT: 43.2094 N  LONG: 10.9019 E

                   TEMPERATURE (C), RAIN  (mm), WIND SPEED (km/hr)

                                      HEAT  COOL        AVG
    MEAN                              DEG   DEG         WIND                 DOM
DAY TEMP  HIGH   TIME   LOW    TIME   DAYS  DAYS  RAIN  SPEED HIGH   TIME    DIR
------------------------------------------------------------------------------------
 1  11.3  17.4   14:10   7.3   22:40   7.0   0.0   0.0   2.4  17.7   13:30   WSW
 2  12.3  18.7   15:10   6.8    4:50   6.0   0.0   0.0   4.3  41.8   20:30   WSW
 3  11.9  15.8   15:10   9.6    0:10   6.4   0.0   0.0   3.7  24.1   12:30     W
 4  10.7  14.1   12:10   8.2    7:00   7.6   0.0   5.4   2.6  20.9   20:30     W
 5   6.6  10.3    7:50   3.2   23:50  11.7   0.0  13.8   2.9  24.1    8:20   WSW
 6   6.7  10.9   16:30   2.9    7:20  11.6   0.0   0.0   3.1  20.9    9:30   ENE
 7   9.4  15.9   15:40   3.7    2:40   8.9   0.0   0.2   3.2  19.3   17:50   WSW
 8   9.9  14.2   12:50   5.5    1:20   8.4   0.0   0.2   7.6  85.3   23:50   WSW
 9  11.9  16.3   13:40   8.8   21:30   6.3   0.0  16.0  23.0  85.3    2:20     S
10  12.0  17.4   15:30   7.9   23:20   6.3   0.0   0.0   7.2  32.2   14:40   WNW
11  13.2  19.3   14:10   7.4    2:20   5.2   0.0   1.6  13.5  56.3   20:30   SSW
12  10.3  14.2   16:20   7.7    4:10   8.0   0.0   3.4   3.4  24.1   23:00   ENE
13   9.8  12.8   11:20   8.2    0:30   8.4   0.0   0.0   6.6  45.1   00:00    NE
14  10.2  14.8   13:30   6.5   00:00   8.1   0.0   0.0   8.2  45.1    0:10   NNW
15   7.1  10.3   13:30   3.8    4:50  11.2   0.0   0.4   6.8  29.0   12:50     E
16   9.7  16.2   17:30   3.9    4:30   8.6   0.0   0.0   5.6  20.9    8:10     E
17  10.8  16.9   13:30   4.0    3:40   5.6   0.0   0.0   7.9  41.8   12:30     S
18
19
20
21
22
23
24
25
26
27
28
29
30
31
-------------------------------------------------------------------------------------
    10.2  19.3    11     2.9     6   135.5   0.1  41.0   6.6  85.3     8     WSW

Max >=  32.0:  0
Max <=   0.0:  0
Min <=   0.0:  0
Min <= -18.0:  0
Max Rain: 16.00 ON 09/05/19
Days of Rain: 8 (> .2 mm) 4 (> 2 mm) 0 (> 20 mm)
Heat Base:  18.3  Cool Base:  18.3  Method: Integration