NOAA-style Climate Reports

Select a Year or Month report

Report for 2019 07
                   MONTHLY CLIMATOLOGICAL SUMMARY for JUL. 2019

NAME: Sorbo   CITY: Castelnuovo V.C.   STATE: Italia 
ELEV:   595 m  LAT: 43.2094 N  LONG: 10.9019 E

                   TEMPERATURE (C), RAIN  (mm), WIND SPEED (km/hr)

                                      HEAT  COOL        AVG
    MEAN                              DEG   DEG         WIND                 DOM
DAY TEMP  HIGH   TIME   LOW    TIME   DAYS  DAYS  RAIN  SPEED HIGH   TIME    DIR
------------------------------------------------------------------------------------
 1  24.7  32.1   14:50  17.2    5:10   0.1   6.4   0.0   2.3  14.5   12:40   WSW
 2  24.4  31.8   15:00  16.1    6:10   0.2   6.2   0.0   2.3  14.5   18:20   WSW
 3  24.4  32.4   15:10  17.7    3:10   0.0   6.2   0.0   1.9  14.5   18:50   WSW
 4  23.6  31.0   15:30  16.7    5:20   0.1   5.4   0.0   2.1  19.3    4:00   WSW
 5  24.1  31.8   16:10  16.2    5:30   0.3   6.1   0.0   2.4  17.7   11:10   WSW
 6  24.4  31.5   16:10  17.8    5:50   0.0   6.2   0.0   1.9  16.1   14:00   WSW
 7  22.3  28.4   16:50  16.8    3:50   0.2   4.2   0.0   2.1  20.9   11:20   WSW
 8  23.5  29.1   14:10  17.1    7:40   0.0   5.2  10.4   2.9  27.4    7:20   WSW
 9  24.1  30.9   15:30  20.0   22:30   0.0   5.8   0.0   1.8  16.1   13:10   WSW
10  22.3  26.6   15:00  17.0   00:00   0.0   4.0   4.8   2.1  20.9   22:30    NW
11  20.8  26.2   14:00  15.7    5:10   0.5   3.0   0.0   1.9  19.3    8:00    NW
12  21.6  27.7   15:00  17.1    5:50   0.1   3.4   0.0   1.6  19.3   16:40   WSW
13  21.7  28.1   15:40  16.1    1:20   0.2   3.6   0.0   1.4  19.3   13:30   WSW
14  21.0  27.4   15:30  15.7    4:00   0.4   2.2   0.0   3.4  20.9   12:10    NW
15
16
17
18
19
20
21
22
23
24
25
26
27
28
29
30
31
-------------------------------------------------------------------------------------
    23.1  32.4     3    15.7    14     2.1  67.9  15.2   2.1  27.4     8     WSW

Max >=  32.0:  2
Max <=   0.0:  0
Min <=   0.0:  0
Min <= -18.0:  0
Max Rain: 10.39 ON 08/07/19
Days of Rain: 2 (> .2 mm) 2 (> 2 mm) 0 (> 20 mm)
Heat Base:  18.3  Cool Base:  18.3  Method: Integration