Select a Year or Month report
Report for 2023 May
MONTHLY CLIMATOLOGICAL SUMMARY for MAY. 2023
NAME: Sorbo CITY: Castelnuovo V.C. STATE: Italia
ELEV: 595 m LAT: 43.2094 N LONG: 10.9019 E
TEMPERATURE (°C), RAIN (mm), WIND SPEED (km/hr)
HEAT COOL AVG
MEAN DEG DEG WIND DOM
DAY TEMP HIGH TIME LOW TIME DAYS DAYS RAIN SPEED HIGH TIME DIR
------------------------------------------------------------------------------------
1 10.9 13.2 16:50 9.6 4:40 7.4 0.0 12.6 1.6 11.3 19:40 NE
2 10.9 13.5 14:50 8.9 5:10 7.4 0.0 0.2 2.7 19.3 11:50 NE
3 12.7 17.7 15:00 9.4 00:00 5.6 0.0 0.0 3.4 22.5 12:00 NNE
4 13.3 19.9 14:30 6.6 5:20 5.1 0.1 0.0 1.8 12.9 10:50 NE
5 14.3 21.1 14:50 8.1 6:00 4.4 0.4 0.0 1.6 12.9 15:00 W
6 14.9 22.6 14:40 8.9 1:50 4.2 0.8 0.0 1.0 11.3 11:00 W
7 15.5 23.3 14:20 8.5 5:50 3.7 0.9 0.0 1.3 8.0 12:50 W
8 14.1 20.4 14:20 8.7 5:10 4.4 0.2 2.4 0.8 12.9 11:40 W
9 15.3 21.7 16:20 9.7 6:30 3.5 0.6 0.0 1.0 11.3 10:50 NE
10 11.9 16.3 14:50 8.1 23:40 6.3 0.0 15.2 1.0 9.7 8:50 SE
11 12.1 17.6 12:00 8.0 6:10 6.3 0.0 1.8 1.0 11.3 15:50 SE
12 10.7 18.3 11:40 6.8 4:40 7.6 0.0 2.0 0.6 11.3 14:00 NE
13 10.2 14.9 10:30 6.3 4:20 8.1 0.0 3.6 0.6 11.3 10:30 NE
14 10.1 12.7 16:40 8.3 23:50 7.9 0.0 4.4 1.0 8.0 13:10 SE
15 12.1 16.3 16:20 7.4 3:40 6.2 0.0 0.0 2.1 19.3 15:20 NE
16 10.2 11.8 13:00 8.2 8:00 8.1 0.0 14.2 3.2 22.5 13:50 NE
17 11.1 14.1 16:00 9.1 3:20 7.2 0.0 5.4 2.9 24.1 17:00 NNE
18 11.9 15.3 10:50 9.2 2:20 6.3 0.0 5.0 2.1 14.5 11:00 N
19 11.0 12.9 15:00 9.2 6:40 7.3 0.0 3.0 1.6 16.1 23:20 N
20 12.2 14.5 14:20 10.3 4:30 6.1 0.0 6.6 2.4 20.9 8:10 N
21 14.7 22.6 15:20 10.8 23:50 4.0 0.4 9.8 1.9 19.3 10:00 NNE
22 15.2 23.9 14:10 10.4 6:10 3.8 0.8 2.8 1.4 17.7 12:20 W
23 16.9 23.9 15:10 10.6 5:20 2.7 1.3 0.2 1.4 12.9 12:10 W
24 16.1 22.1 11:30 10.4 5:30 2.9 0.8 1.0 1.1 12.9 11:00 W
25 15.6 23.5 14:20 10.8 5:20 3.5 0.8 3.4 1.4 16.1 14:00 NE
26 18.1 24.1 15:20 10.9 0:10 2.0 1.8 0.0 1.8 16.1 10:20 NE
27 18.0 24.0 13:20 12.5 2:10 1.8 1.5 0.0 1.6 17.7 12:20 NE
28 17.4 23.5 15:30 12.0 1:10 2.2 1.4 1.2 1.9 16.1 11:00 NE
29 17.6 22.9 14:10 13.3 23:00 1.6 0.9 1.0 1.9 14.5 12:00 NE
30 18.0 23.8 15:40 12.7 2:20 1.7 1.4 0.0 1.9 19.3 18:10 NE
31 15.7 23.2 15:10 11.6 5:40 3.1 0.5 8.2 2.4 22.5 10:10 NW
-------------------------------------------------------------------------------------
13.8 24.1 26 6.3 13 152.8 14.6 104.0 1.7 24.1 17 NE
Max >= 32.0: 0
Max <= 0.0: 0
Min <= 0.0: 0
Min <= -18.0: 0
Max Rain: 15.19 ON 10/05/23
Days of Rain: 21 (> .2 mm) 15 (> 2 mm) 0 (> 20 mm)
Heat Base: 18.3 Cool Base: 18.3 Method: Integration